{"id":2210,"date":"2023-09-21T09:57:02","date_gmt":"2023-09-21T06:57:02","guid":{"rendered":"http:\/\/karen1.online\/?page_id=2210"},"modified":"2025-10-09T16:10:44","modified_gmt":"2025-10-09T13:10:44","slug":"faydali-bilgiler","status":"publish","type":"page","link":"https:\/\/www.karengm.com\/?page_id=2210","title":{"rendered":"Faydal\u0131 Bilgiler"},"content":{"rendered":"\t\t<div data-elementor-type=\"wp-page\" data-elementor-id=\"2210\" class=\"elementor elementor-2210\">\n\t\t\t\t<div class=\"elementor-element elementor-element-9a015b1 e-flex e-con-boxed e-con e-parent\" data-id=\"9a015b1\" data-element_type=\"container\" data-e-type=\"container\">\n\t\t\t\t\t<div class=\"e-con-inner\">\n\t\t\t\t<div class=\"elementor-element elementor-element-e4846a2 elementor-widget elementor-widget-heading\" data-id=\"e4846a2\" data-element_type=\"widget\" data-e-type=\"widget\" data-widget_type=\"heading.default\">\n\t\t\t\t<div class=\"elementor-widget-container\">\n\t\t\t\t\t<h2 class=\"elementor-heading-title elementor-size-default\">Faydal\u0131 Bilgiler<\/h2>\t\t\t\t<\/div>\n\t\t\t\t<\/div>\n\t\t\t\t\t<\/div>\n\t\t\t\t<\/div>\n\t\t<div class=\"elementor-element elementor-element-376d690 e-flex e-con-boxed e-con e-parent\" data-id=\"376d690\" data-element_type=\"container\" data-e-type=\"container\">\n\t\t\t\t\t<div class=\"e-con-inner\">\n\t\t\t\t<div class=\"elementor-element elementor-element-243e0ec elementor-widget elementor-widget-wp-widget-recent-posts\" data-id=\"243e0ec\" data-element_type=\"widget\" data-e-type=\"widget\" data-widget_type=\"wp-widget-recent-posts.default\">\n\t\t\t\t<div class=\"elementor-widget-container\">\n\t\t\t\t\t\n\t\t\n\t\t<h5>Faydal\u0131 Bilgiler<\/h5>\n\t\t<ul>\n\t\t\t\t\t\t\t\t\t\t\t<li>\n\t\t\t\t\t<a href=\"https:\/\/www.karengm.com\/?p=3880\">Makina \u0130thalat &#8211; \u00d6n \u0130zin Ba\u015fvurusu<\/a>\n\t\t\t\t\t\t\t\t\t\t\t<span class=\"post-date\">12 Mart 2026<\/span>\n\t\t\t\t\t\t\t\t\t<\/li>\n\t\t\t\t\t\t\t\t\t\t\t<li>\n\t\t\t\t\t<a href=\"https:\/\/www.karengm.com\/?p=3855\">Amazon FBA Kargo G\u00f6nderimi Nedir?<\/a>\n\t\t\t\t\t\t\t\t\t\t\t<span class=\"post-date\">15 Ekim 2025<\/span>\n\t\t\t\t\t\t\t\t\t<\/li>\n\t\t\t\t\t\t\t\t\t\t\t<li>\n\t\t\t\t\t<a href=\"https:\/\/www.karengm.com\/?p=3853\">Desi hesaplamas\u0131 nedir? Nas\u0131l Desi Hesaplan\u0131r ?<\/a>\n\t\t\t\t\t\t\t\t\t\t\t<span class=\"post-date\">15 Ekim 2025<\/span>\n\t\t\t\t\t\t\t\t\t<\/li>\n\t\t\t\t\t\t\t\t\t\t\t<li>\n\t\t\t\t\t<a href=\"https:\/\/www.karengm.com\/?p=3850\">Uluslararas\u0131 Kargo G\u00f6nderimi Yaparken En \u00c7ok Yap\u0131lan Hatalar<\/a>\n\t\t\t\t\t\t\t\t\t\t\t<span class=\"post-date\">15 Ekim 2025<\/span>\n\t\t\t\t\t\t\t\t\t<\/li>\n\t\t\t\t\t\t\t\t\t\t\t<li>\n\t\t\t\t\t<a href=\"https:\/\/www.karengm.com\/?p=3846\">\u0130la\u00e7lar\u0131n \u0130hracat\u0131 Hk T\u0130TCK Bilgilendirmesi Hakk\u0131nda<\/a>\n\t\t\t\t\t\t\t\t\t\t\t<span class=\"post-date\">14 Ekim 2025<\/span>\n\t\t\t\t\t\t\t\t\t<\/li>\n\t\t\t\t\t\t\t\t\t\t\t<li>\n\t\t\t\t\t<a href=\"https:\/\/www.karengm.com\/?p=3669\">08.05.2025 109007287 Sa\u011fl\u0131k Bakanl\u0131\u011f\u0131 TPS ILA\u00c71 1013 1038 1042 ve ILHM 0851 1013 1038 1042 muafiyet kodlar\u0131<\/a>\n\t\t\t\t\t\t\t\t\t\t\t<span class=\"post-date\">19 A\u011fustos 2025<\/span>\n\t\t\t\t\t\t\t\t\t<\/li>\n\t\t\t\t\t\t\t\t\t\t\t<li>\n\t\t\t\t\t<a href=\"https:\/\/www.karengm.com\/?p=3644\">KEP Adres Bilgileri ve Uygulamas\u0131<\/a>\n\t\t\t\t\t\t\t\t\t\t\t<span class=\"post-date\">22 May\u0131s 2025<\/span>\n\t\t\t\t\t\t\t\t\t<\/li>\n\t\t\t\t\t\t\t\t\t\t\t<li>\n\t\t\t\t\t<a href=\"https:\/\/www.karengm.com\/?p=3475\">Ara\u00e7 par\u00e7a ve aksamlar\u0131n\u0131n denetimi hakk\u0131nda<\/a>\n\t\t\t\t\t\t\t\t\t\t\t<span class=\"post-date\">7 Ocak 2025<\/span>\n\t\t\t\t\t\t\t\t\t<\/li>\n\t\t\t\t\t\t\t\t\t\t\t<li>\n\t\t\t\t\t<a href=\"https:\/\/www.karengm.com\/?p=3445\">Yurt D\u0131\u015f\u0131ndan \u00dcr\u00fcn Getirme<\/a>\n\t\t\t\t\t\t\t\t\t\t\t<span class=\"post-date\">28 Aral\u0131k 2024<\/span>\n\t\t\t\t\t\t\t\t\t<\/li>\n\t\t\t\t\t\t\t\t\t\t\t<li>\n\t\t\t\t\t<a href=\"https:\/\/www.karengm.com\/?p=3381\">TSE-CE \u00dcretim Girdisi Muafiyeti Ba\u015fvurular\u0131nda Dikkat Edilmesi Gereken Hususlar Belirtilmi\u015ftir.<\/a>\n\t\t\t\t\t\t\t\t\t\t\t<span class=\"post-date\">24 Aral\u0131k 2024<\/span>\n\t\t\t\t\t\t\t\t\t<\/li>\n\t\t\t\t\t\t\t\t\t\t\t<li>\n\t\t\t\t\t<a href=\"https:\/\/www.karengm.com\/?p=3379\">Otomobil ile Yurtd\u0131\u015f\u0131na \u00c7\u0131karken ne gerekir ?<\/a>\n\t\t\t\t\t\t\t\t\t\t\t<span class=\"post-date\">23 Aral\u0131k 2024<\/span>\n\t\t\t\t\t\t\t\t\t<\/li>\n\t\t\t\t\t\t\t\t\t\t\t<li>\n\t\t\t\t\t<a href=\"https:\/\/www.karengm.com\/?p=3359\">G\u00fcmr\u00fck Genel Tebli\u011fi ( Serbest Dola\u015f\u0131ma Giri\u015f ) Seri No:18<\/a>\n\t\t\t\t\t\t\t\t\t\t\t<span class=\"post-date\">10 Ekim 2024<\/span>\n\t\t\t\t\t\t\t\t\t<\/li>\n\t\t\t\t\t\t\t\t\t\t\t<li>\n\t\t\t\t\t<a href=\"https:\/\/www.karengm.com\/?p=3341\">Posta veya H\u0131zl\u0131 Kargo Ta\u015f\u0131mac\u0131l\u0131\u011f\u0131 Yoluyla Gelen E\u015fyalarda Vergi Oranlar\u0131 ve K\u0131ymet Limitleri De\u011fi\u015ftirildi<\/a>\n\t\t\t\t\t\t\t\t\t\t\t<span class=\"post-date\">6 A\u011fustos 2024<\/span>\n\t\t\t\t\t\t\t\t\t<\/li>\n\t\t\t\t\t\t\t\t\t\t\t<li>\n\t\t\t\t\t<a href=\"https:\/\/www.karengm.com\/?p=3335\">Kredi Kart\u0131 ve Banka Kart\u0131 ile Yap\u0131lan \u00d6demelere \u0130li\u015fkin Gelir \u0130daresi Ba\u015fkanl\u0131\u011f\u0131 Duyurusu<\/a>\n\t\t\t\t\t\t\t\t\t\t\t<span class=\"post-date\">6 A\u011fustos 2024<\/span>\n\t\t\t\t\t\t\t\t\t<\/li>\n\t\t\t\t\t\t\t\t\t\t\t<li>\n\t\t\t\t\t<a href=\"https:\/\/www.karengm.com\/?p=3221\">\u0130THALATTA STANDARTLARA UYGUNLUK DENET\u0130M\u0130 TEBL\u0130\u011e\u0130 DE\u011e\u0130\u015e\u0130KL\u0130KLER\u0130<\/a>\n\t\t\t\t\t\t\t\t\t\t\t<span class=\"post-date\">13 \u015eubat 2024<\/span>\n\t\t\t\t\t\t\t\t\t<\/li>\n\t\t\t\t\t\t\t\t\t\t\t<li>\n\t\t\t\t\t<a href=\"https:\/\/www.karengm.com\/?p=3214\">M\u0131s\u0131r &#8211; \u00dcretici Kay\u0131t Sistemi<\/a>\n\t\t\t\t\t\t\t\t\t\t\t<span class=\"post-date\">14 Aral\u0131k 2023<\/span>\n\t\t\t\t\t\t\t\t\t<\/li>\n\t\t\t\t\t\t\t\t\t\t\t<li>\n\t\t\t\t\t<a href=\"https:\/\/www.karengm.com\/?p=3208\">\u0130thalatta KDV indirim hakk\u0131 kald\u0131r\u0131ld\u0131<\/a>\n\t\t\t\t\t\t\t\t\t\t\t<span class=\"post-date\">24 Kas\u0131m 2023<\/span>\n\t\t\t\t\t\t\t\t\t<\/li>\n\t\t\t\t\t\t\t\t\t\t\t<li>\n\t\t\t\t\t<a href=\"https:\/\/www.karengm.com\/?p=3173\">\u0130la\u00e7 \u0130hracat \u0130zni<\/a>\n\t\t\t\t\t\t\t\t\t\t\t<span class=\"post-date\">24 Ekim 2023<\/span>\n\t\t\t\t\t\t\t\t\t<\/li>\n\t\t\t\t\t\t\t\t\t\t\t<li>\n\t\t\t\t\t<a href=\"https:\/\/www.karengm.com\/?p=3003\">\u00c7evrenin Korunmas\u0131 Y\u00f6n\u00fcnden Kontrol Alt\u0131nda Tutulan Kat\u0131 Yak\u0131tlar\u0131n \u0130thalat Denetimi Tebli\u011fi \u00dcr\u00fcn G\u00fcvenli\u011fi ve Denetimi 2023-7 nde De\u011fi\u015fiklik Yap\u0131lmas\u0131na&#8230;<\/a>\n\t\t\t\t\t\t\t\t\t\t\t<span class=\"post-date\">1 Ekim 2023<\/span>\n\t\t\t\t\t\t\t\t\t<\/li>\n\t\t\t\t\t\t\t\t\t\t\t<li>\n\t\t\t\t\t<a href=\"https:\/\/www.karengm.com\/?p=2797\">YURTDI\u015eI BORSALARDAN ELDE ED\u0130LEN KAZAN\u00c7LARIN VE KAR PAYLARININ T\u00dcRK\u0130YE\u2019DE VERG\u0130LEND\u0130R\u0130LMES\u0130\u00a0<\/a>\n\t\t\t\t\t\t\t\t\t\t\t<span class=\"post-date\">29 Eyl\u00fcl 2023<\/span>\n\t\t\t\t\t\t\t\t\t<\/li>\n\t\t\t\t\t\t\t\t\t\t\t<li>\n\t\t\t\t\t<a href=\"https:\/\/www.karengm.com\/?p=2765\">Tekpencere Sisteme \u015eifre Alma !<\/a>\n\t\t\t\t\t\t\t\t\t\t\t<span class=\"post-date\">29 Eyl\u00fcl 2023<\/span>\n\t\t\t\t\t\t\t\t\t<\/li>\n\t\t\t\t\t\t\t\t\t\t\t<li>\n\t\t\t\t\t<a href=\"https:\/\/www.karengm.com\/?p=2545\">\u0130ran&#8217;a \u0130hracat Nas\u0131l yap\u0131l\u0131r<\/a>\n\t\t\t\t\t\t\t\t\t\t\t<span class=\"post-date\">27 Eyl\u00fcl 2023<\/span>\n\t\t\t\t\t\t\t\t\t<\/li>\n\t\t\t\t\t\t\t\t\t\t\t<li>\n\t\t\t\t\t<a href=\"https:\/\/www.karengm.com\/?p=2451\">\u0130TK\u0130B Firma Dosyas\u0131<\/a>\n\t\t\t\t\t\t\t\t\t\t\t<span class=\"post-date\">25 Eyl\u00fcl 2023<\/span>\n\t\t\t\t\t\t\t\t\t<\/li>\n\t\t\t\t\t\t\t\t\t\t\t<li>\n\t\t\t\t\t<a href=\"https:\/\/www.karengm.com\/?p=2446\">Tareks \/ DTS \/ TSE i\u00e7in Firma Dosyas\u0131<\/a>\n\t\t\t\t\t\t\t\t\t\t\t<span class=\"post-date\">25 Eyl\u00fcl 2023<\/span>\n\t\t\t\t\t\t\t\t\t<\/li>\n\t\t\t\t\t\t\t\t\t\t\t<li>\n\t\t\t\t\t<a href=\"https:\/\/www.karengm.com\/?p=2426\">G\u00fcmr\u00fck Firma Tescili \u0130\u00e7in Belgeler<\/a>\n\t\t\t\t\t\t\t\t\t\t\t<span class=\"post-date\">25 Eyl\u00fcl 2023<\/span>\n\t\t\t\t\t\t\t\t\t<\/li>\n\t\t\t\t\t\t\t\t\t\t\t<li>\n\t\t\t\t\t<a href=\"https:\/\/www.karengm.com\/?p=2189\">D\u0131\u015f Ticaretle, G\u00fcmr\u00fckle ve Lojistikle \u0130lgili S\u00f6zl\u00fckler<\/a>\n\t\t\t\t\t\t\t\t\t\t\t<span class=\"post-date\">20 Eyl\u00fcl 2023<\/span>\n\t\t\t\t\t\t\t\t\t<\/li>\n\t\t\t\t\t\t\t\t\t\t\t<li>\n\t\t\t\t\t<a href=\"https:\/\/www.karengm.com\/?p=2187\">\u00d6nemli Adresler ve Linkler<\/a>\n\t\t\t\t\t\t\t\t\t\t\t<span class=\"post-date\">20 Eyl\u00fcl 2023<\/span>\n\t\t\t\t\t\t\t\t\t<\/li>\n\t\t\t\t\t\t\t\t\t\t\t<li>\n\t\t\t\t\t<a href=\"https:\/\/www.karengm.com\/?p=2185\">T\u00fcrkiye Lojistik Portal\u0131<\/a>\n\t\t\t\t\t\t\t\t\t\t\t<span class=\"post-date\">20 Eyl\u00fcl 2023<\/span>\n\t\t\t\t\t\t\t\t\t<\/li>\n\t\t\t\t\t\t\t\t\t\t\t<li>\n\t\t\t\t\t<a href=\"https:\/\/www.karengm.com\/?p=2183\">G\u00fcmr\u00fck Uygulamalar\u0131na \u0130li\u015fkin K\u0131lavuzlar<\/a>\n\t\t\t\t\t\t\t\t\t\t\t<span class=\"post-date\">20 Eyl\u00fcl 2023<\/span>\n\t\t\t\t\t\t\t\t\t<\/li>\n\t\t\t\t\t\t\t\t\t\t\t<li>\n\t\t\t\t\t<a href=\"https:\/\/www.karengm.com\/?p=2181\">GT\u0130P Nedir?<\/a>\n\t\t\t\t\t\t\t\t\t\t\t<span class=\"post-date\">20 Eyl\u00fcl 2023<\/span>\n\t\t\t\t\t\t\t\t\t<\/li>\n\t\t\t\t\t\t\t\t\t\t\t<li>\n\t\t\t\t\t<a href=\"https:\/\/www.karengm.com\/?p=2167\">Devlet Destekleri<\/a>\n\t\t\t\t\t\t\t\t\t\t\t<span class=\"post-date\">20 Eyl\u00fcl 2023<\/span>\n\t\t\t\t\t\t\t\t\t<\/li>\n\t\t\t\t\t\t\t\t\t\t\t<li>\n\t\t\t\t\t<a href=\"https:\/\/www.karengm.com\/?p=2163\">\u00dclkelerin D\u0131\u015f Ticaret \u0130statistikleri<\/a>\n\t\t\t\t\t\t\t\t\t\t\t<span class=\"post-date\">20 Eyl\u00fcl 2023<\/span>\n\t\t\t\t\t\t\t\t\t<\/li>\n\t\t\t\t\t\t\t\t\t\t\t<li>\n\t\t\t\t\t<a href=\"https:\/\/www.karengm.com\/?p=2161\">\u00dclkelerin \u0130thalat Vergi Oranlar\u0131<\/a>\n\t\t\t\t\t\t\t\t\t\t\t<span class=\"post-date\">20 Eyl\u00fcl 2023<\/span>\n\t\t\t\t\t\t\t\t\t<\/li>\n\t\t\t\t\t\t\t\t\t\t\t<li>\n\t\t\t\t\t<a href=\"https:\/\/www.karengm.com\/?p=2159\">Nakliyat Sigortas\u0131<\/a>\n\t\t\t\t\t\t\t\t\t\t\t<span class=\"post-date\">20 Eyl\u00fcl 2023<\/span>\n\t\t\t\t\t\t\t\t\t<\/li>\n\t\t\t\t\t\t\t\t\t\t\t<li>\n\t\t\t\t\t<a href=\"https:\/\/www.karengm.com\/?p=2157\">\u00c7eki Listesi Nedir?<\/a>\n\t\t\t\t\t\t\t\t\t\t\t<span class=\"post-date\">20 Eyl\u00fcl 2023<\/span>\n\t\t\t\t\t\t\t\t\t<\/li>\n\t\t\t\t\t\t\t\t\t\t\t<li>\n\t\t\t\t\t<a href=\"https:\/\/www.karengm.com\/?p=2154\">Kon\u015fimento Nedir?<\/a>\n\t\t\t\t\t\t\t\t\t\t\t<span class=\"post-date\">20 Eyl\u00fcl 2023<\/span>\n\t\t\t\t\t\t\t\t\t<\/li>\n\t\t\t\t\t\t\t\t\t\t\t<li>\n\t\t\t\t\t<a href=\"https:\/\/www.karengm.com\/?p=1983\">Y\u00fcr\u00fcrl\u00fckte Bulunan STA&#8217;lar<\/a>\n\t\t\t\t\t\t\t\t\t\t\t<span class=\"post-date\">19 Eyl\u00fcl 2023<\/span>\n\t\t\t\t\t\t\t\t\t<\/li>\n\t\t\t\t\t\t\t\t\t\t\t<li>\n\t\t\t\t\t<a href=\"https:\/\/www.karengm.com\/?p=1981\">Y\u00fcr\u00fcrl\u00fckte Bulunan Tercihli Ticaret Anla\u015fmalar\u0131<\/a>\n\t\t\t\t\t\t\t\t\t\t\t<span class=\"post-date\">19 Eyl\u00fcl 2023<\/span>\n\t\t\t\t\t\t\t\t\t<\/li>\n\t\t\t\t\t\t\t\t\t\t\t<li>\n\t\t\t\t\t<a href=\"https:\/\/www.karengm.com\/?p=1973\">G\u00fcmr\u00fck Belgeleri \u00d6rnekleri<\/a>\n\t\t\t\t\t\t\t\t\t\t\t<span class=\"post-date\">19 Eyl\u00fcl 2023<\/span>\n\t\t\t\t\t\t\t\t\t<\/li>\n\t\t\t\t\t\t\t\t\t\t\t<li>\n\t\t\t\t\t<a href=\"https:\/\/www.karengm.com\/?p=1971\">Posta ve H\u0131zl\u0131 Kargo Muafiyeti<\/a>\n\t\t\t\t\t\t\t\t\t\t\t<span class=\"post-date\">19 Eyl\u00fcl 2023<\/span>\n\t\t\t\t\t\t\t\t\t<\/li>\n\t\t\t\t\t\t\t\t\t\t\t<li>\n\t\t\t\t\t<a href=\"https:\/\/www.karengm.com\/?p=1968\">Bedelsiz Ara\u00e7 \u0130thalat\u0131<\/a>\n\t\t\t\t\t\t\t\t\t\t\t<span class=\"post-date\">19 Eyl\u00fcl 2023<\/span>\n\t\t\t\t\t\t\t\t\t<\/li>\n\t\t\t\t\t\t\t\t\t\t\t<li>\n\t\t\t\t\t<a href=\"https:\/\/www.karengm.com\/?p=1964\">Yolcu E\u015fyas\u0131<\/a>\n\t\t\t\t\t\t\t\t\t\t\t<span class=\"post-date\">19 Eyl\u00fcl 2023<\/span>\n\t\t\t\t\t\t\t\t\t<\/li>\n\t\t\t\t\t\t\t\t\t\t\t<li>\n\t\t\t\t\t<a href=\"https:\/\/www.karengm.com\/?p=1962\">\u00d6deme \u015eekilleri<\/a>\n\t\t\t\t\t\t\t\t\t\t\t<span class=\"post-date\">19 Eyl\u00fcl 2023<\/span>\n\t\t\t\t\t\t\t\t\t<\/li>\n\t\t\t\t\t\t\t\t\t\t\t<li>\n\t\t\t\t\t<a href=\"https:\/\/www.karengm.com\/?p=1954\">Teslim \u015eekilleri<\/a>\n\t\t\t\t\t\t\t\t\t\t\t<span class=\"post-date\">19 Eyl\u00fcl 2023<\/span>\n\t\t\t\t\t\t\t\t\t<\/li>\n\t\t\t\t\t\t\t\t\t\t\t<li>\n\t\t\t\t\t<a href=\"https:\/\/www.karengm.com\/?p=1946\">ihracatta Kullan\u0131lan Belgeler<\/a>\n\t\t\t\t\t\t\t\t\t\t\t<span class=\"post-date\">19 Eyl\u00fcl 2023<\/span>\n\t\t\t\t\t\t\t\t\t<\/li>\n\t\t\t\t\t\t\t\t\t\t\t<li>\n\t\t\t\t\t<a href=\"https:\/\/www.karengm.com\/?p=1849\">Konteyner T\u00fcrleri ve Konteyner \u00d6l\u00e7\u00fcleri<\/a>\n\t\t\t\t\t\t\t\t\t\t\t<span class=\"post-date\">17 Eyl\u00fcl 2023<\/span>\n\t\t\t\t\t\t\t\t\t<\/li>\n\t\t\t\t\t<\/ul>\n\n\t\t\t\t\t\t<\/div>\n\t\t\t\t<\/div>\n\t\t\t\t\t<\/div>\n\t\t\t\t<\/div>\n\t\t\t\t<\/div>\n\t\t","protected":false},"excerpt":{"rendered":"<p>Faydal\u0131 Bilgiler<\/p>\n","protected":false},"author":1,"featured_media":0,"parent":0,"menu_order":0,"comment_status":"closed","ping_status":"closed","template":"","meta":{"footnotes":""},"class_list":["post-2210","page","type-page","status-publish","hentry"],"_links":{"self":[{"href":"https:\/\/www.karengm.com\/index.php?rest_route=\/wp\/v2\/pages\/2210"}],"collection":[{"href":"https:\/\/www.karengm.com\/index.php?rest_route=\/wp\/v2\/pages"}],"about":[{"href":"https:\/\/www.karengm.com\/index.php?rest_route=\/wp\/v2\/types\/page"}],"author":[{"embeddable":true,"href":"https:\/\/www.karengm.com\/index.php?rest_route=\/wp\/v2\/users\/1"}],"replies":[{"embeddable":true,"href":"https:\/\/www.karengm.com\/index.php?rest_route=%2Fwp%2Fv2%2Fcomments&post=2210"}],"version-history":[{"count":25,"href":"https:\/\/www.karengm.com\/index.php?rest_route=\/wp\/v2\/pages\/2210\/revisions"}],"predecessor-version":[{"id":3469,"href":"https:\/\/www.karengm.com\/index.php?rest_route=\/wp\/v2\/pages\/2210\/revisions\/3469"}],"wp:attachment":[{"href":"https:\/\/www.karengm.com\/index.php?rest_route=%2Fwp%2Fv2%2Fmedia&parent=2210"}],"curies":[{"name":"wp","href":"https:\/\/api.w.org\/{rel}","templated":true}]}}